ainder when 328739 is divided by 2332?
2259
What is the remainder when 76223110 is divided by 639?
634
What is the remainder when 2152631 is divided by 6445?
1
Calculate the remainder when 656879 is divided by 30.
29
What is the remainder when 5741204 is divided by 3954?
3950
Calculate the remainder when 22577851 is divided by 836.
835
What is the remainder when 7710183 is divided by 1927439?
427
Calculate the remainder when 5410118 is divided by 1926.
1910
Calculate the remainder when 3937306 is divided by 69.
28
What is the remainder when 1494928727 is divided by 51?
50
Calculate the remainder when 944010 is divided by 7044.
114
Calculate the remainder when 77621686 is divided by 276.
274
Calculate the remainder when 142357169 is divided by 5031.
5024
Calculate the remainder when 29716368 is divided by 307.
303
Calculate the remainder when 41841 is divided by 10346.
457
What is the remainder when 154940 is divided by 49646?
6002
What is the remainder when 291402541 is divided by 709?
705
What is the remainder when 1748344 is divided by 426?
40
Calculate the remainder when 1373823 is divided by 457936.
15
What is the remainder when 8570 is divided by 1006?
522
What is the remainder when 4478389 is divided by 478?
7
Calculate the remainder when 664266 is divided by 27634.
1050
What is the remainder when 9754969 is divided by 5905?
5814
Calculate the remainder when 273046 is divided by 20999.
59
What is the remainder when 3286241 is divided by 620?
241
Calculate the remainder when 141515 is divided by 7318.
2473
What is the remainder when 344562 is divided by 68894?
92
What is the remainder when 28461840 is divided by 190?
30
Calculate the remainder when 61214 is divided by 371.
370
Calculate the remainder when 3676190 is divided by 200.
190
What is the remainder when 954908 is divided by 2553?
86
Calculate the remainder when 35323283 is divided by 115.
113
What is the remainder when 83134 is divided by 41291?
552
What is the remainder when 69867 is divided by 292?
79
Calculate the remainder when 106206 is divided by 206.
116
What is the remainder when 2545078 is divided by 14?
4
What is the remainder when 33529676 is divided by 108?
104
What is the remainder when 3903271 is divided by 393?
388
What is the remainder when 20848 is divided by 20710?
138
Calculate the remainder when 116768 is divided by 2672.
1872
Calculate the remainder when 2970583 is divided by 681.
61
What is the remainder when 6824965 is divided by 78?
43
What is the remainder when 4699603 is divided by 1174869?
127
Calculate the remainder when 83621907 is divided by 501.
498
What is the remainder when 22922231 is divided by 4316?
4271
What is the remainder when 22477665 is divided by 1666?
1659
What is the remainder when 10457195 is divided by 52?
47
Calculate the remainder when 1140522 is divided by 1556.
1530
What is the remainder when 9209253 is divided by 42?
39
What is the remainder when 583908 is divided by 175?
108
What is the remainder when 8141 is divided by 1874?
645
Calculate the remainder when 2092236 is divided by 1074.
84
Calculate the remainder when 226003 is divided by 56076.
1699
What is the remainder when 110060 is divided by 2752?
2732
What is the remainder when 23351 is divided by 10229?
2893
What is the remainder when 158954 is divided by 30403?
6939
Calculate the remainder when 2306543 is divided by 230653.
13
Calculate the remainder when 29676700 is divided by 659481.
55
What is the remainder when 490558 is divided by 490537?
21
Calculate the remainder when 1405169 is divided by 1489.
1042
Calculate the remainder when 303072670 is divided by 3061.
3060
What is the remainder when 269307 is divided by 67292?
139
Calculate the remainder when 1024955 is divided by 6833.
5
What is the remainder when 13041093 is divided by 3194?
3185
What is the remainder when 89479 is divided by 5522?
1127
What is the remainder when 133730 is divided by 44338?
716
Calculate the remainder when 27137 is divided by 7920.
3377
Calculate the remainder when 989003081 is divided by 35.
31
Calculate the remainder when 236272 is divided by 13898.
6
What is the remainder when 615959 is divided by 307029?
1901
Calculate the remainder when 1627567 is divided by 413.
347
Calculate the remainder when 542725347 is divided by 1041.
1038
What is the remainder when 19941030 is divided by 181282?
10
Calculate the remainder when 187334567 is divided by 313.
311
What is the remainder when 1229841 is divided by 307450?
41
What is the remainder when 2014457 is divided by 1690?
1667
What is the remainder when 670528 is divided by 6842?
12
What is the remainder when 20137 is divided by 18960?
1177
What is the remainder when 5896072 is divided by 60164?
0
What is the remainder when 24757 is divided by 66?
7
What is the remainder when 470135 is divided by 4981?
1921
What is the remainder when 1981748 is divided by 396298?
258
Calculate the remainder when 29771 is divided by 1505.
1176
What is the remainder when 14350455 is divided by 384?
375
What is the remainder when 76321 is divided by 3315?
76
Calculate the remainder when 7210487 is divided by 316.
315
What is the remainder when 1816888 is divided by 44?
40
Calculate the remainder when 48318 is divided by 327.
249
Calculate the remainder when 68488443 is divided by 34244164.
115
Calculate the remainder when 774401 is divided by 1134.
1013
Calculate the remainder when 200873 is divided by 200812.
61
What is the remainder when 365604381 is divided by 12?
9
Calculate the remainder when 1501200 is divided by 166800.
0
Calculate the remainder when 66417830 is divided by 1239.
1235
Calculate the remainder when 593661048 is divided by 2029.
2025
Calculate the remainder when 258214 is divided by 595.
579
Calculate the remainder when 35800 is divided by 1178.
460
Calculate the remainder when 47743 is divided by 2937.
751
What is the remainder when 120334 is divided by 30073?
42
Calculate the remainder when 4394039 is divided by 14794.
221
What is the remainder when 1104023 is divided by 220768?
183
What is the remainder when 248375 is divided by 49635?
200
What is the remainder when 53966584 is divided by 311?
309
What is the remainder when 23739014 is divided by 5934747?
26
What is the remainder when 63412268 is divided by 154?
150
Calculate the remainder when 12348188 is divided by 3514.
3506
What is the remainder when 2087665227 is divided by 12271?
12268
Calculate the remainder when 1200984 is divided by 739.
109
Calculate the remainder when 1687448 is divided by 21360.
8
What is the remainder when 3579196 is divided by 217?
215
What is the remainder when 444550 is divided by 34171?
327
What is the remainder when 2629141 is divided by 657138?
589
Calculate the remainder when 631899 is divided by 52640.
219
What is the remainder when 1368095 is divided by 72?
23
What is the remainder when 4359870 is divided by 1533?
18
Calculate the remainder when 9361479 is divided by 5316.
3
What is the remainder when 2602538635 is divided by 717?
715
Calculate the remainder when 218197 is divided by 7764.
805
What is the remainder when 443196 is divided by 354?
342
What is the remainder when 276044 is divided by 489?
248
Calculate the remainder when 5916228 is divided by 1183245.
3
Calculate the remainder when 21290012 is divided by 10290.
2
What is the remainder when 392698 is divided by 1392?
154
What is the remainder when 1301187 is divided by 200?
187
Calculate the remainder when 2584570 is divided by 1292269.
32
Calculate the remainder when 14317814 is divided by 283.
278
What is the remainder when 2139841 is divided by 2139385?
456
Calculate the remainder when 1388078 is divided by 935.
538
What is the remainder when 123657994 is divided by 84?
82
Calculate the remainder when 225219 is divided by 27175.
7819
What is the remainder when 14124162 is divided by 88276?
2
What is the remainder when 2368652 is divided by 46444?
8
Calculate the remainder when 843248 is divided by 1249.
173
Calculate the remainder when 7573122 is divided by 87.
33
What is the remainder when 17105462 is divided by 275894?
34
What is the remainder when 518799 is divided by 2413?
4
What is the remainder when 6784513 is divided by 157779?
16
Calculate the remainder when 1584803 is div